ase 9) to base 14
20
Convert -30 (base 4) to base 5.
-22
-39 (base 12) to base 3
-1200
Convert 6 (base 7) to base 13.
6
What is a (base 14) in base 8?
12
-29 (base 13) to base 11
-32
What is -4 (base 12) in base 14?
-4
What is -2 (base 5) in base 7?
-2
c (base 14) to base 15
c
100 (base 2) to base 5
4
0 (base 12) to base 14
0
What is -13 (base 6) in base 9?
-10
3 (base 13) to base 6
3
Convert -100 (base 2) to base 10.
-4
What is -10000 (base 2) in base 10?
-16
What is 3 (base 6) in base 8?
3
Convert -365 (base 7) to base 2.
-11000010
72 (base 8) to base 2
111010
Convert 5 (base 9) to base 15.
5
-3c (base 16) to base 11
-55
Convert 101 (base 4) to base 8.
21
Convert 14 (base 8) to base 14.
c
What is -108 (base 10) in base 8?
-154
15 (base 8) to base 2
1101
Convert 7 (base 8) to base 2.
111
What is 45 (base 8) in base 3?
1101
What is -1100 (base 4) in base 3?
-2222
Convert 3a (base 15) to base 4.
313
What is -3 (base 12) in base 16?
-3
Convert 1 (base 3) to base 16.
1
Convert 0 (base 9) to base 11.
0
What is -3 (base 7) in base 15?
-3
Convert 8 (base 10) to base 7.
11
What is 623 (base 7) in base 3?
102112
What is 0 (base 2) in base 11?
0
What is 59 (base 10) in base 15?
3e
What is -1 (base 14) in base 3?
-1
-53 (base 6) to base 13
-27
Convert -154 (base 10) to base 7.
-310
What is 10 (base 10) in base 15?
a
What is -1 (base 4) in base 8?
-1
Convert -111 (base 3) to base 11.
-12
Convert -15 (base 6) to base 14.
-b
What is 155 (base 6) in base 10?
71
What is 5 (base 6) in base 3?
12
Convert 1 (base 2) to base 7.
1
What is -26 (base 11) in base 16?
-1c
What is -1 (base 10) in base 7?
-1
Convert 10 (base 4) to base 7.
4
-3 (base 6) to base 10
-3
What is 1220 (base 5) in base 2?
10111001
-104 (base 5) to base 2
-11101
What is 11000000 (base 2) in base 12?
140
-110 (base 3) to base 6
-20
Convert -401 (base 8) to base 3.
-100112
-3 (base 7) to base 9
-3
91 (base 15) to base 3
12001
Convert -3 (base 15) to base 6.
-3
-2 (base 12) to base 16
-2
-38 (base 10) to base 5
-123
What is -110001 (base 2) in base 10?
-49
Convert 42 (base 14) to base 8.
72
Convert 2 (base 4) to base 2.
10
Convert 2 (base 16) to base 9.
2
Convert -12 (base 10) to base 11.
-11
4a (base 15) to base 6
154
Convert 2 (base 5) to base 12.
2
Convert 1 (base 4) to base 16.
1
What is 3111 (base 4) in base 8?
325
Convert 21 (base 8) to base 11.
16
Convert -5 (base 16) to base 9.
-5
What is -3 (base 15) in base 7?
-3
Convert 0 (base 11) to base 15.
0
-11 (base 2) to base 8
-3
23 (base 9) to base 5
41
Convert 21201 (base 3) to base 15.
dd
-1 (base 4) to base 15
-1
Convert -6a (base 12) to base 9.
-101
13 (base 10) to base 14
d
-55 (base 8) to base 15
-30
What is -22 (base 4) in base 14?
-a
What is -2 (base 5) in base 11?
-2
3 (base 16) to base 3
10
-12 (base 3) to base 7
-5
What is -12120 (base 3) in base 10?
-150
What is 3 (base 14) in base 5?
3
1 (base 16) to base 2
1
24 (base 6) to base 13
13
What is 1 (base 4) in base 5?
1
11 (base 13) to base 11
13
3 (base 4) to base 8
3
Convert -1 (base 13) to base 10.
-1
What is 14 (base 10) in base 3?
112
Convert -18 (base 10) to base 4.
-102
Convert 150 (base 7) to base 12.
70
Convert 20221 (base 3) to base 16.
bb
0 (base 9) to base 12
0
Convert -2 (base 5) to base 7.
-2
What is 255 (base 9) in base 4?
3110
120 (base 4) to base 10
24
Convert -15 (base 16) to base 5.
-41
What is 4 (base 5) in base 12?
4
Convert -1 (base 14) to base 12.
-1
Convert -21 (base 3) to base 8.
-7
What is 11 (base 4) in base 2?
101
Convert 11000 (base 2) to base 9.
26
-11 (base 7) to base 13
-8
-c6 (base 14) to base 16
-ae
-11111100 (base 2) to base 15
-11c
Convert 2 (base 12) to base 9.
2
18 (base 13) to base 3
210
11000000 (base 2) to base 16
c0
What is -20 (base 13) in base 10?
-26
1 (base 10) to base 7
1
What is 20122 (base 3) in base 2?
10110011
What is -83 (base 10) in base 11?
-76
Convert -11 (base 13) to base 7.
-20
What is 203 (base 10) in base 12?
14b
What is 2 (base 14) in base 3?
2
Convert 7 (base 9) to base 3.
21
3 (base 5) to base 10
3
What is -1 (base 13) in base 8?
-1
What is -11 (base 3) in base 9?
-4
3 (base 10) to base 11
3
1 (base 8) to base 3
1
-10 (base 9) to base 6
-13
What is 1304 (base 6) in base 2?
101001000
What is -143 (base 6) in base 2?
-111111
Convert -2 (base 7) to base 5.
-2
124 (base 12) to base 9
211
What is 2 (base 15) in base 4?
2
6 (base 11) to base 8
6
Convert 0 (base 14) to base 3.
0
What is -31 (base 5) in base 11?
-15
What is -35 (base 12) in base 2?
-101001
What is 211 (base 3) in base 6?
34
What is 1 (base 2) in base 13?
1
-241 (base 8) to base 12
-115
What is 6 (base 14) in base 10?
6
135 (base 11) to base 5
1114
What is -44 (base 9) in base 3?
-1111
What is 2 (base 16) in base 14?
2
Convert -26 (base 15) to base 6.
-100
What is 10 (base 7) in base 8?
7
Convert 14 (base 6) to base 13.
a
-7 (base 12) to base 4
-13
15 (base 12) to base 16
11
a (base 11) to base 14
a
2 (base 14) to base 7
2
220 (base 3) to base 7
33
-11 (base 3) to base 10
-4
What is -a (base 14) in base 8?
-12
What is 130 (base 9) in base 13?
84
What is 18 (base 9) in base 14?
13
2 (base 7) to base 11
2
What is -75 (base 10) in base 13?
-5a
Convert 7b (base 12) to base 7.
164
-10 (base 10) to base 5
-20
-20 (base 4) to base 10
-8
What is 2 (base 3) in base 15?
2
What is 273 (base 8) in base 7?
355
-2d (base 16) to base 12
-39
Convert -1 (base 9) to base 13.
-1
What is 7 (base 15) in base 3?
21
What is -2 (base 3) in base 11?
-2
Convert -2 (base 6) to base 5.
-2
What is -29 (base 11) in base 4?
-133
What is -3 (base 14) in base 15?
-3
What is 101110 (base 2) in base 16?
2e
What is -5 (base 15) in base 7?
-5
-3 (base 9) to base 7
-3
What is -15 (base 10) in base 15?
-10
-11 (base 2) to base 13
-3
What is -20 (base 3) in base 15?
-6
What is -3 (base 7) in base 4?
-3
-91 (base 11) to base 16
-64
Convert -12 (base 11) to base 6.
-21
0 (base 14) to base 12
0
Convert -23 (base 16) to base 4.
-203
Convert 1a (base 16) to base 15.
1b
What is 26 (base 16) in base 14?
2a
Convert -1b (base 13) to base 4.
-120
What is 1d (base 16) in base 12?
25
What is 0 (base 3) in base 5?
0
What is -3 (base 14) in base 11?
-3
What is 0 (base 11) in base 5?
0
What is 1043 (base 6) in base 8?
363
What is -d0 (base 15) in base 8?
-303
Convert 1 (base 5) to base 9.
1
What is -8 (base 10) in base 14?
-8
What is -1 (base 5) in base 3?
-1
1 (base 6) to base 14
1
What is -1001 (base 3) in base 5?
-103
What is 5 (base 10) in base 16?
5
1a (base 15) to base 13
1c
-2 (base 10) to base 7
-2
What is -2 (base 4) in base 16?
-2
Convert -9 (base 12) to base 4.
-21
Convert 5 (base 6) to base 11.
5
-50 (base 12) to base 11
-55
What is 134 (base 7) in base 11?
68
Convert -2 (base 12) to base 15.
-2
2 (base 11) to base 6
2
-112 (base 4) to base 5
-42
What is 18 (base 9) in base 13?
14
2 (base 6) to base 8
2
Convert 1 (base 2) to base 12.
1
What is 22 (base 7) in base 12?
14
21122 (base 3) to base 15
db
11 (base 12) to base 7
16
-7c (base 14) to base 6
-302
25 (base 14) to base 13
27
What is -10 (base 3) in base 12?
-3
Convert 4 (base 8) to base 16.
4
What is -40 (base 14) in base 10?
-56
Convert 54 (base 6) to base 7.
46
Convert 12 (base 16) to base 2.
10010
Convert -c (base 13) to base 6.
-20
Convert -1 (base 7) to base 12.
-1
135 (base 6) to base 10
59
What is -21 (base 3) in base 6?
-11
15 (base 16) to base 5
41
Convert -10122 (base 4) to base 12.
-1b6
Convert 6 (base 11) to base 6.
10
Convert -3 (base 6) to base 13.
-3
-1000011 (base 2) to base 11
-61
Convert -110 (base 2) to base 12.
-6
Convert 2 (base 9) to base 8.
2
What is -3 (base 10) in base 7?
-3
What is 76 (base 12) in base 8?
132
Convert 100 (base 2) to base 16.
4
What is -11 (base 3) in base 12?
-4
What is -13 (base 4) in base 13?
-7
What is -11 (base 3) in base 11?
-4
5 (base 6) to base 11
5
Convert 143 (base 7) to base 15.
55
What is 313 (base 4) in base 3?
2001
What is -56 (base 15) in base 8?
-121
Convert -b (base 16) to base 12.
-b
3 (base 10) to base 6
3
Convert -1 (base 4) to base 14.
-1
What is 0 (base 14) in base 6?
0
14 (base 14) to base 8
22
Convert 40 (base 16) to base 8.
100
Convert 4 (base 5) to base 9.
4
-1 (base 4) to base 7
-1
Convert 9 (base 10) to base 5.
14
-2 (base 6) to base 14
-2
What is -10 (base 13) in base 10?
-13
Con